77?
167
Calculate the greatest common divisor of 33 and 3194202.
33
Calculate the greatest common divisor of 736 and 5748160.
736
Calculate the greatest common factor of 1529758 and 122.
122
Calculate the greatest common divisor of 2163 and 336.
21
What is the greatest common factor of 32618 and 11451?
347
What is the highest common factor of 28037 and 1643?
53
What is the highest common factor of 46 and 2783?
23
What is the highest common divisor of 309 and 627373?
103
What is the highest common divisor of 180 and 409380?
60
What is the highest common factor of 190694 and 182?
14
Calculate the highest common factor of 17175 and 67555.
1145
What is the greatest common divisor of 6708 and 387?
129
What is the highest common divisor of 886 and 518753?
443
Calculate the highest common divisor of 25 and 89500.
25
Calculate the greatest common divisor of 420 and 197295.
105
Calculate the highest common divisor of 77945 and 136.
17
Calculate the highest common factor of 153 and 2817.
9
What is the greatest common factor of 1016 and 200?
8
What is the highest common divisor of 76202 and 42?
14
What is the highest common factor of 1510 and 3170?
10
What is the greatest common divisor of 613260 and 20?
20
What is the greatest common factor of 723520 and 400?
80
Calculate the greatest common factor of 33843 and 348.
87
What is the greatest common divisor of 221 and 7939?
17
Calculate the highest common divisor of 261 and 63423.
261
What is the highest common factor of 82950 and 840?
210
What is the highest common factor of 3749 and 214345?
163
Calculate the highest common divisor of 2897579 and 1.
1
Calculate the highest common factor of 1220 and 1098.
122
Calculate the greatest common divisor of 15 and 848835.
15
What is the greatest common factor of 5750 and 144250?
250
Calculate the greatest common divisor of 10 and 43730.
10
What is the highest common factor of 38654 and 308?
154
Calculate the highest common factor of 34342 and 231.
77
What is the highest common factor of 1517 and 28167?
41
What is the highest common factor of 537344 and 256?
256
What is the highest common factor of 569668 and 6848?
428
Calculate the greatest common divisor of 64 and 999728.
16
What is the highest common factor of 31530 and 150?
30
Calculate the highest common divisor of 1934477 and 131.
131
Calculate the highest common divisor of 42160 and 105740.
340
What is the highest common divisor of 2356 and 4028?
76
What is the greatest common factor of 138023 and 34?
17
Calculate the greatest common divisor of 407 and 27214.
11
What is the highest common factor of 74562 and 18?
6
What is the greatest common factor of 76 and 25346?
38
What is the highest common divisor of 256 and 195936?
32
Calculate the greatest common divisor of 312 and 1664052.
156
What is the greatest common factor of 284501 and 42?
7
What is the highest common divisor of 316 and 3270442?
158
What is the highest common factor of 276 and 1372341?
69
Calculate the highest common factor of 1176 and 424.
8
Calculate the greatest common factor of 3652 and 35773.
83
Calculate the greatest common factor of 170187 and 282.
141
What is the greatest common factor of 88 and 24772?
44
What is the highest common factor of 3016 and 664?
8
Calculate the greatest common divisor of 210482 and 667.
29
What is the highest common factor of 49 and 16331?
7
Calculate the highest common divisor of 121 and 75020.
121
Calculate the greatest common factor of 8 and 49554.
2
What is the highest common divisor of 258692 and 56?
28
What is the greatest common factor of 64 and 119464?
8
Calculate the highest common divisor of 20 and 66205.
5
What is the greatest common factor of 490589 and 1299?
433
What is the greatest common divisor of 90 and 45790?
10
What is the greatest common factor of 2 and 43502?
2
Calculate the highest common divisor of 175 and 1175.
25
Calculate the greatest common factor of 112 and 10824.
8
Calculate the highest common factor of 10 and 170530.
10
What is the greatest common factor of 81 and 114291?
81
What is the greatest common factor of 37 and 81733?
37
Calculate the greatest common divisor of 5264 and 10199.
329
Calculate the highest common divisor of 224 and 51016.
56
Calculate the highest common divisor of 162 and 466560.
162
Calculate the greatest common factor of 8790 and 15780.
30
Calculate the highest common factor of 2682 and 497958.
894
Calculate the greatest common factor of 3772 and 1702.
46
What is the highest common divisor of 44 and 9559?
11
Calculate the greatest common factor of 960 and 143520.
480
What is the highest common divisor of 1375 and 395875?
125
What is the highest common factor of 516808 and 152?
8
What is the highest common divisor of 2147207 and 823?
823
Calculate the greatest common divisor of 110052 and 225.
9
Calculate the highest common divisor of 186 and 256029.
93
What is the highest common divisor of 676 and 16016?
52
Calculate the highest common divisor of 17432 and 824.
8
What is the highest common divisor of 2184 and 13923?
273
Calculate the highest common divisor of 1954701 and 46.
23
Calculate the highest common divisor of 250 and 3815500.
250
What is the greatest common divisor of 4309 and 36418?
139
What is the highest common factor of 351458 and 34?
34
Calculate the highest common factor of 15280 and 24.
8
Calculate the greatest common factor of 57741 and 2052.
57
What is the highest common divisor of 3504 and 2256?
48
Calculate the highest common divisor of 142779 and 156.
39
What is the greatest common divisor of 393267 and 6?
3
Calculate the greatest common factor of 1334 and 2254.
46
Calculate the highest common divisor of 258 and 77228.
86
Calculate the greatest common divisor of 108 and 396.
36
Calculate the highest common divisor of 7711235 and 5565.
1855
What is the greatest common factor of 688 and 1580336?
688
What is the greatest common factor of 70456 and 128?
8
What is the greatest common divisor of 73850 and 1750?
350
Calculate the greatest common factor of 904 and 577769.
113
Calculate the greatest common factor of 74 and 36667.
37
What is the highest common divisor of 11 and 8060811?
11
What is the greatest common factor of 48798 and 882?
18
Calculate the greatest common factor of 1960 and 107320.
40
Calculate the greatest common divisor of 198 and 19548.
18
Calculate the highest common factor of 26 and 5795621.
13
What is the highest common factor of 41433 and 42?
21
What is the greatest common divisor of 4071 and 42303?
177
Calculate the highest common divisor of 80 and 4625.
5
What is the greatest common factor of 87780 and 2695?
385
Calculate the highest common divisor of 28974 and 3894.
66
Calculate the highest common divisor of 1452 and 22704.
132
Calculate the greatest common divisor of 83435 and 410.
205
Calculate the highest common factor of 99294 and 11859.
201
Calculate the greatest common factor of 369 and 590277.
123
Calculate the greatest common factor of 3480 and 43080.
120
Calculate the highest common divisor of 2335680 and 180.
180
What is the greatest common divisor of 22468 and 6888?
164
Calculate the highest common factor of 1817 and 506.
23
Calculate the greatest common factor of 75 and 5725.
25
Calculate the highest common factor of 5655 and 91.
13
Calculate the highest common factor of 3182 and 11766.
74
Calculate the highest common divisor of 186 and 302002.
62
What is the highest common divisor of 28002 and 2598?
6
Calculate the greatest common divisor of 53701 and 166.
83
What is the highest common divisor of 4452 and 154389?
159
Calculate the highest common factor of 986 and 9106.
58
What is the highest common factor of 41446 and 986?
34
Calculate the highest common factor of 200 and 1040.
40
What is the greatest common factor of 51723 and 84?
21
What is the highest common divisor of 1518 and 10923?
33
What is the greatest common factor of 131045 and 35?
5
What is the highest common divisor of 203 and 163531?
29
Calculate the greatest common factor of 10025 and 5213.
401
What is the highest common divisor of 47672 and 88?
8
Calculate the greatest common factor of 8631 and 42.
21
What is the highest common divisor of 356 and 1364459?
89
What is the highest common divisor of 44980 and 4160?
260
What is the greatest 